 the first derivative of -g**3/3 + 7*g**2/2 - 4*g + 2. Let t be q(6). Suppose -b = -11 - t. What is the tens digit of b?
1
What is the tens digit of (34/10 - -5)*(2 - -18)?
6
Suppose 0 = 3*x - 240 - 456. What is the hundreds digit of x?
2
Suppose z - 57 = 3*v - 0*v, 3*z + 29 = -v. Let u = v + 40. What is the units digit of u?
0
Let u(m) = -7*m**3 - 2*m**2 - 2*m - 3. What is the units digit of u(-2)?
9
Let y(c) = -2*c + 5. Let t be 1/2*-2*-12. Suppose 0*z + 3*z + t = 0. What is the units digit of y(z)?
3
Let z(c) = 11*c + 1. What is the units digit of z(6)?
7
Let d be 1*(2 + (-1 - -19)). Suppose o + 5*p = -0*o + 23, -4*o = 2*p - d. What is the units digit of o?
3
What is the units digit of (51 - 7)/(-2*(-2)/16)?
6
Suppose -84 - 56 = -5*g. What is the tens digit of g?
2
Let n be (-42)/(-2) - (3 - 2). What is the units digit of 148/n - 3/(-5)?
8
Let d(c) = c - 4. Let j be d(6). Let a(m) = -7 + 5*m**j + m**3 + 0 + 9. What is the tens digit of a(-3)?
2
Suppose r + 2*j + 4 = 0, 7*r - 2*r - 5*j = -50. Let t be 2*39/(-6)*1. Let m = r - t. What is the units digit of m?
5
Let j(p) be the third derivative of -p**6/120 - p**5/4 - 2*p**4/3 - 7*p**3/2 + p**2. What is the units digit of j(-14)?
7
Suppose 2*a + 7 + 3 = -5*s, -3*a = s - 11. Let u(n) = n + 1. Let k be u(-3). Let v = k - s. What is the units digit of v?
2
Let l be (-81)/3*(-2)/6. Let n be (-6)/l*1*-6. Suppose -n*z + 0*z - 5 = 3*p, -z + 16 = -5*p. What is the units digit of z?
1
Let m = 124 - 57. Suppose 5*w - 115 + 30 = 0. Suppose -w + m = 5*j. What is the tens digit of j?
1
Let z be -1 + (-2 - -4) - 2. What is the units digit of (z/(-1))/((-5)/(-40))?
8
Let w be (6 - 5) + -1 + -22. Let t = -14 - w. What is the units digit of t?
8
Suppose -1 = -4*a + h - 0, 0 = -2*a - 4*h - 4. Let r be a + -1 + 2 - -2. Suppose r*c = -d + 14, 4*d + 2*c - 31 = -d. What is the units digit of d?
5
Suppose -3*s = 5 + 4, 0 = 4*a - 5*s + 105. Let t = a + 42. What is the units digit of t?
2
Suppose -b - b + 74 = q, 0 = -b - 3*q + 27. What is the tens digit of b?
3
Suppose -k - 3 = 2*t, 4*k - 2*t - 3*t - 53 = 0. Suppose 2 = 3*f - k. What is the units digit of f?
3
Let z(w) = -w. Let o be z(-5). Suppose 5*n + 5 = 0, 2*n - 5*n + 72 = o*l. What is the units digit of l?
5
Let v(j) = -j**2 - 6*j - 2. Let w be v(-5). Let p = 27 + -19. Suppose w*s - p*s + 85 = 0. What is the units digit of s?
7
Suppose -l + 13 = -2*f, -l + 0*f - 5*f - 15 = 0. Suppose l*j = -21 + 56. What is the units digit of j?
7
Let r(q) be the second derivative of 1/12*q**4 + 1/2*q**2 - 1/3*q**3 + q + 0. What is the units digit of r(3)?
4
Let h be ((-4)/(-3))/(2/6). Let f = 29 - 15. Suppose -h*q + f = -2. What is the units digit of q?
4
Suppose -3*r - 9*j + 115 = -4*j, 160 = 5*r + 2*j. Suppose 5*h + 5*m = 120, -m + 2*m = h - r. What is the units digit of h?
7
Suppose 112 = -s + 5*s. Let o = s - 15. What is the units digit of o?
3
Let z = -31 + 33. Let f be ((-2)/(-1) - 0) + -2. Suppose -z*r - r + 60 = f. What is the units digit of r?
0
Let q(g) = -12*g - 10. What is the tens digit of q(-5)?
5
Let d(v) = -v**3 + 3*v**2 - 4*v + 3. Let b be d(2). Let k be -3*((-12)/9 - b). Suppose 0 = -y + k + 5. What is the units digit of y?
6
Let y = 9 - 8. Let n be 3/((-6)/(-8)) + y. Suppose n*c = -5 + 20. What is the units digit of c?
3
Let h = -10 + 15. Suppose -3*i + 36 = -5*k - 88, h*i - 184 = -3*k. What is the tens digit of i?
3
Let f(z) = 11*z**2 - 10*z + 2. What is the tens digit of f(4)?
3
Let u(f) = 2*f - 2 + 0 + 2*f**2 + 3*f**2 + 0. What is the tens digit of u(-2)?
1
Let i be 2 + 3/(-3) + 4. Suppose -g - i*o = -9, 2*o = 5*o - 9. What is the tens digit of (-3)/g - 37/(-2)?
1
Suppose -3*c = -2*c - 2. Let w = -1 - -1. Let t = c - w. What is the units digit of t?
2
Let u(m) = 41*m - 1. Suppose -3*y + 2 = -y. What is the units digit of u(y)?
0
Suppose 0 = -3*m + 4*c + 32, 5*m + 0*c = -2*c + 62. Let l = m + -19. Let o(n) = -n**3 - 6*n**2 + 6*n + 1. What is the units digit of o(l)?
8
Suppose h = -0*h + 4. What is the units digit of 70/h*(-42)/(-35)?
1
What is the tens digit of (-1)/((10/(-104))/5)?
5
Let i(t) = -t**2 - 11*t + 9. Let q be i(-10). Let d = 15 + -24. Let y = d + q. What is the units digit of y?
0
Suppose 8*g - 55 = -3*g. What is the units digit of g?
5
Suppose -2*a - 4*w + 56 = 0, -130 + 24 = -3*a + 5*w. What is the tens digit of a?
3
What is the units digit of (35/10)/((-49)/(-24) + -2)?
4
Let s(v) = v**3 + 9*v**2 + 4*v + 6. What is the tens digit of s(-8)?
3
What is the units digit of 221 - -2 - 5*8/10?
9
Let o(d) = 16 - 12 - 2*d + 3*d. Let a(m) = -m**3 + 5*m**2 + 5*m + 6. Let n be a(6). What is the units digit of o(n)?
4
Let z(k) = 16*k**2 - 6*k + 8. Let f(r) = -r**2 + r - 1. Let b(h) = 8*f(h) + z(h). What is the tens digit of b(-2)?
2
Let p(x) = -2*x - 6. Let f be 0 - 1/((-1)/(-7)). Let n be p(f). Let d = n + -5. What is the units digit of d?
3
Let i be (0/(-3 - 0))/2. Suppose i = -w - w - 10. Let h(o) = o + 7. What is the units digit of h(w)?
2
Let f = -5 - -9. Suppose 1 = t - f. What is the units digit of 101/5 - 1/t?
0
Let t(a) be the third derivative of -a**5/60 + a**4/24 + a**3/3 - a**2. Suppose -3*v = -2*i, 0 = 3*i + 2*i - 3*v. What is the units digit of t(i)?
2
Let p(c) = -3*c + 5. Let f be p(-7). Let g = f - 15. What is the units digit of g?
1
What is the tens digit of 4/(-8)*-52*12/3?
0
Let h(k) = -k - 7. Let d be h(-7). Suppose 2*l + 0*l - 2 = d. Suppose 2*z - 5 = -l. What is the units digit of z?
2
Let h(p) = 2*p**2 - p - 12. Let d be h(-5). Let s = d - 25. What is the tens digit of s?
1
Let t = -75 - -152. What is the units digit of t?
7
Suppose -6*s + 11*s = 0. Suppose 0 = -s*v + 2*v + 4*o - 30, 4*o = v - 21. What is the units digit of v?
7
Let q = 8 + -5. Suppose 2*w - 4 = 4. Let i = q + w. What is the units digit of i?
7
Let z(k) = 7*k - 3. Let n(d) = -d**3 - 8*d**2 + 9*d + 3. Let x be n(-9). What is the tens digit of z(x)?
1
Let c(p) = -6*p - 6. What is the units digit of c(-5)?
4
What is the tens digit of (4/18 + 2176/(-72))/(-1)?
3
Suppose -5*n - 5*z - 3 - 2 = 0, -5*n + 5*z = 15. Let d be 1/n*(2 - 2). Suppose b + b - 32 = d. What is the units digit of b?
6
Suppose 93 = -3*k + 402. What is the units digit of k?
3
Let u(c) = c**3 + 2*c**2 - 3*c + 2. Let y be u(-3). Suppose 11 = -3*m - 4*s + 29, 8 = m + y*s. What is the units digit of 14/((1 + m)/3)?
4
Let d = 41 + -15. What is the tens digit of d?
2
Let h = 77 + 306. What is the tens digit of h?
8
Suppose -5*j + 184 = t, 4*t + 2*j + j = 753. What is the hundreds digit of t?
1
Suppose 7*r = -3*r + 800. What is the units digit of r?
0
Let m = 54 - -29. What is the units digit of m?
3
What is the tens digit of 1*(-11)/(11/(-240))?
4
Let m(y) = y**3 + 4*y**2 + 1. Let g be m(-4). Let i be g + -2 - (-3 + 0). Let f = i - 0. What is the units digit of f?
2
Suppose -2*z = 4*q - 504, 2*q + 5*z = 218 + 18. What is the tens digit of q?
2
Let o(t) be the first derivative of t**4/4 - 7*t**3/3 - 11*t**2/2 - 2*t - 4. Let b be o(8). What is the units digit of b/(-8) + (-2)/8?
3
Let f(b) = -3*b**2 - 12*b - 3. Let k be f(-6). Let j = -9 - k. What is the units digit of j?
0
Let b be (-2)/(-9) + 129/27. Suppose b*z = 11 + 14. Suppose -3*w + 4*a + 14 = 0, -a - 2*a + 62 = z*w. What is the units digit of w?
0
What is the hundreds digit of 4*1/10 - 10278/(-30)?
3
What is the tens digit of (1/3 + (-574)/(-21))*6?
6
Suppose 0*r - 4 = -4*r. Let j = 1 - r. Let m(q) = -q**2 + q + 7. What is the units digit of m(j)?
7
Let p be (-4 - -4) + -2 + 8. Suppose -u + 1 = -r, -r + 3*r = 3*u - p. What is the units digit of u?
4
Let k(p) = 1 + 7*p + p**3 + 9*p**2 - 15*p**2 - 4. Let i be k(5). Suppose -5*m + 35 + 10 = -5*z, m - i = 2*z. What is the units digit of m?
1
Let t = 11 - 7. Suppose 0 = t*s + 6 - 22. Suppose s*a - 20 = 0, -3*k + 0 + 11 = a. What is the units digit of k?
2
Let o(u) = 5*u**2 - u**2 - 5*u**2 + u. Let n be o(1). Suppose 3*g + 8 = 2*m, m - 3*g + 5*g - 4 = n. What is the units digit of m?
4
Suppose 7*z - 4*z = -5*v + 212, v - 324 = -5*z. Let n = 106 - z. What is the units digit of n?
2
Let r = 2 - -5. Let c(o) be the third derivative of -o**5/60 + 3*o**4/8 - 4*o**3/3 - 3*o**2. What is the units digit of c(r)?
6
Let m be -3*(-24)/9*-1. Let b be 2/m - (-98)/8. Suppose -b = -4*g + 8. What is the units digit of